of (-598)/f + 5/25?
6
Let p(r) = -105*r + 487. Let d(u) = 2*u + 10. Let w be d(-8). What is the tens digit of p(w)?
1
Let d(y) = -14*y + 9. Let v(j) = -15*j + 10. Let c(u) = -5*d(u) + 4*v(u). Let m(i) = -39*i + 19. Let t(r) = 9*c(r) + 2*m(r). What is the units digit of t(5)?
3
Let g(l) be the third derivative of l**6/120 + l**5/60 - 3*l**4/8 + 121*l**3/6 - 14*l**2. What is the tens digit of g(0)?
2
Let y = -1307 - -1842. Let n = y - 45. What is the hundreds digit of n?
4
Let j(u) = -u**2 + 25. Let n be j(0). Suppose 0 = 6*m - m - n. Suppose m*b = 5*o - 540, 0*b = -o - b + 98. What is the tens digit of o?
0
Let w = 10344 + 919. What is the ten thousands digit of w?
1
Let x = 7447 - -9072. What is the thousands digit of x?
6
Let u(z) = -z**3 + 10*z**2 + 5*z - 2. Let m be u(9). Let o be (4/3)/(m/279). Suppose 20 = o*b - 55. What is the tens digit of b?
2
Suppose -5*q + 2*v = -73232, 0 = -4*q - 2*v + 34325 + 24275. What is the hundreds digit of q?
6
Let n(o) = o**2 + 14*o + 114. Let k be n(-30). Suppose 601*w = k*w + 1232. What is the hundreds digit of w?
1
What is the tens digit of (484177/(-1292))/(1/(-124))?
6
Let y = -14361 + 25452. What is the ten thousands digit of y?
1
Let t = 7575 + -2914. What is the tens digit of t?
6
Let l(y) = y**3 + 2*y**2 + 9. Let x be l(-3). Suppose x = 2*d - 4, -n = -0*n - 3*d - 642. What is the units digit of n?
8
Suppose 1 = -4*w + 21. Suppose -l + 0 = -p + 6, 4*p + w*l = 15. Let s(x) = 3*x**2 - 3*x + 10. What is the tens digit of s(p)?
7
Let d(m) = m**2 + 44*m + 2439. What is the units digit of d(-78)?
1
Let j(t) = 3*t**3 + 5*t**2 - 12*t - 2. Let f be j(3). Suppose -m - o = -13, -2*o = -3*m - 6*o + 41. Let s = f - m. What is the tens digit of s?
7
Suppose 0 = 10*z - 9*z - 2. Suppose -c = -3*n - 9, 1 = z*c - n - 27. What is the hundreds digit of ((-366)/8)/(c/(-60))?
1
Let o = -192 + 555. Suppose -2*u - o + 1263 = 0. What is the hundreds digit of u?
4
Let s be (2 - 4)*(-62)/4. Suppose -347*c = -344*c - 21. Let g = s - c. What is the units digit of g?
4
Let s be ((-20)/(-2))/(75/30). What is the tens digit of 12/48 - (-843)/s?
1
Suppose 302*w = 543*w - 2137911. What is the hundreds digit of w?
8
Suppose 2*r - 2*p + 101 = p, -2*r + 5*p - 111 = 0. Let z = 43 + r. Suppose z = -2*y + 2*x + 152, 3*y - 7*y = -2*x - 294. What is the units digit of y?
1
Suppose -4*q - 38*s + 34*s = -10868, -4*s = q - 2711. What is the thousands digit of q?
2
Let o be (-3)/(-9) + 34/6. Suppose o*h - 61 = 29. What is the tens digit of h?
1
Suppose 337348 - 34975 = 94*g - 608017. What is the tens digit of g?
8
Let a = 9894 + -4017. What is the thousands digit of a?
5
Suppose -8*t = -22*t + 28. Suppose 3*h + 333 = t*q + 18, 4*q - h = 615. What is the hundreds digit of q?
1
Let w = 1497 + -1353. What is the tens digit of w?
4
Suppose -20*r = -19*r + 5*z - 16, -5*r = 4*z - 17. What is the thousands digit of 8*r/16*2002?
1
Suppose 0*f + 210 = 5*f. Let n = f + 4. Let r = n + 195. What is the tens digit of r?
4
Suppose -9*m = -82861 - 120522 + 25318. What is the ten thousands digit of m?
1
Let s be (-1 - 4/8)/(3/(-128)). Let t = s + -60. What is the tens digit of 262/t*(-6)/(-3)?
3
Let a = -329 + 86. Let r = 355 + a. What is the hundreds digit of r?
1
Suppose 2*p = -p + 10791. Suppose -p = 4*c - 15*c. What is the tens digit of c?
2
Let k(s) = -s**3 + 14*s**2 + 32*s - 24. Suppose 4*v = -2*i + 8, -5*i + 5*v + 97 = 2. What is the hundreds digit of k(i)?
4
Let b = 19559 + -8340. What is the hundreds digit of b?
2
Suppose -5*l + 1042 = -4*q, 4*q - 6*q - 528 = l. Let g = 409 + q. What is the units digit of g?
6
Suppose -l + 4*d - 8 = -96, -2*d + 2 = 0. Let p = -141 + l. Let z = 145 + p. What is the units digit of z?
6
What is the thousands digit of 1*(1 + (-8)/2) - (-40 + -19489)?
9
Let v = -50 + 50. Suppose 9*g = 5*g - r + 75, v = -5*g + 3*r + 81. Suppose -6*i + g*i - 1440 = 0. What is the units digit of i?
0
Let a(b) = -3*b. Let o be a(4). What is the units digit of o/(-1 + (-1 - 93/(-48)))?
2
Let i be (28/42)/(4/(-150)). Let x = -26 - i. Let s = 54 + x. What is the units digit of s?
3
Let x = 10 - 5. Let v be -10 + (4 - x - (-3 + 1)). Let i(y) = 3*y**2 + 15*y - 19. What is the tens digit of i(v)?
8
Suppose 89*b - 130781 = 94122. What is the thousands digit of b?
2
Suppose c - 3294 + 580 = 0. Let a = 1460 - c. What is the tens digit of a/(-14) + (-8)/14?
8
Suppose -3*d - 9 = -3. Let s be 3/(3/d) - (-9 + -2). Suppose s*u + 315 = 12*u. What is the units digit of u?
5
Let i be (34/(-119))/((-10)/7) + (-2028)/15. Suppose 0 = -0*n + 4*n. What is the tens digit of n*(-1)/5 - i?
3
Suppose 0 = -3*n - i + 2 - 10, 0 = 3*i + 15. Let l(w) = -66*w**3 + 2*w**2 + 2*w + 1. What is the tens digit of l(n)?
6
Let v = 37 + -23. Suppose 16 + 26 = -v*p. Let a(h) = -h**3 + 5. What is the units digit of a(p)?
2
Let a(p) = 2*p**2 - 16*p + 2. Let s be a(7). Let f be ((-832)/6)/4 + 16/s. Let c = f - -86. What is the units digit of c?
0
Let l(c) = 31*c**3 - 5*c**2 + 6*c - 16. Let y be l(-5). Let t = 5675 + y. What is the units digit of t?
9
Suppose -50*w = -49*w - 13956. What is the thousands digit of w?
3
Let a = 240 + -117. Let p be (-328)/246*(3/(-2) - 0). Suppose a = p*f - f. What is the hundreds digit of f?
1
Let k(y) = -15*y**2 - 34*y + 22*y - 5 + 15*y - 10*y**2 - y**3. What is the tens digit of k(-26)?
9
Let j be (((-6)/(-9))/(-2))/(2/(-6)). Suppose 6 - 2 = -4*f. What is the tens digit of (j/(3/111))/(2 + f)?
3
Let b(v) = 34*v - 2. Let f be b(1). Suppose -4*s - 3*i + 78 = 0, 3*s + 5*i - f = s. What is the units digit of (-3 + s)*(-3)/(-9)?
6
Let o(b) = b**2 - 9*b + 12. Suppose 5*z + 0*z - 22 = -2*i, 4 = i - z. Let j be o(i). What is the hundreds digit of (-607)/(-21)*6 + j/14?
1
Suppose 0 = 17*s - 20*s - 4*x + 30858, 0 = 3*s + x - 30867. Suppose 17*h - s = 11*h. What is the units digit of h?
5
Let w(a) = -a**3 - 4*a**2 - 5*a. Let b be w(-5). Let x = -10 + 11. What is the units digit of (b - x)*(3 - 2)?
9
Let b = 51 + -46. Suppose -2*i + 1543 = b*t + 133, -5*t + 1410 = -4*i. Let m = t + -185. What is the tens digit of m?
9
Let n = -184 + 194. Suppose 3*t + 6*f = n*f + 3691, -2*t + 2462 = -4*f. What is the thousands digit of t?
1
Let c be (0 - 7)*(-87 - -86). Suppose -7928 = -c*m + 2*m - 2*h, -4736 = -3*m + 4*h. What is the tens digit of m?
8
Let b(a) = -2980*a - 7009. What is the tens digit of b(-25)?
9
Let g be ((-1)/(-3))/((21/72)/7). Suppose -g*u = -16*u + 2800. What is the units digit of u?
0
Let o = -634 - -1734. Suppose -o = -z - 4*w, 3*z + 3*w - 2138 - 1171 = 0. What is the hundreds digit of z?
1
Suppose 66 = p + 68, -2*v - p + 135246 = 0. What is the ten thousands digit of v?
6
Let y be 4 + (-4)/(125/(-126) - -1). What is the units digit of (-40 + 5)*y/35?
0
Let v(z) = 12*z**2 + 11*z - 6. Let j be (-392)/70 - 2/5. What is the hundreds digit of v(j)?
3
Let d = 57 - 42. Suppose 5 + d = -t. What is the tens digit of (690/25)/((-6)/t)?
9
Suppose 42223 = 45*h - 22422 - 55280. What is the hundreds digit of h?
6
Let k = 994 - 637. Suppose -4*s - 764 = -2*f - 68, -f = -5*s - k. What is the hundreds digit of f?
3
Suppose 75*c - 85*c = -9230. What is the units digit of c?
3
Suppose -2*n + 1 = -73. Let b(w) = w**3 - 36*w**2 - 34*w - 72. What is the units digit of b(n)?
9
Suppose -24 = -4*h + 28*u - 27*u, 3*h - 5*u = 35. Suppose 10*p - 9*p - h*o = 717, -1448 = -2*p + 3*o. What is the hundreds digit of p?
7
Let o(g) = -32*g**3 + 26*g**2 + 6*g + 58. What is the tens digit of o(-6)?
7
Let q = 17206 + -10311. What is the units digit of q?
5
Let l(v) = 3*v**2 + 2*v + 25. Let m be l(6). Let f = -95 + m. What is the tens digit of 7/(-2 + f/24)?
8
Let c(r) = -r**3 - 3*r**2 + 6*r + 13. Let p be c(-4). Suppose p*n - 46 = 1744. What is the units digit of n?
8
Suppose -60*g = 44*g - 764296. What is the hundreds digit of g?
3
Suppose -3*d = 2 + 4. Let l be (-2560)/(-18) + d + (-28)/126. Let c = l - 49. What is the tens digit of c?
9
Suppose 587*r = 340*r + 3509870. What is the ten thousands digit of r?
1
Let d = 153 + -103. Suppose 3*w - 4*j = 7*w - 156, -5*j = 10. Let l = d - w. What is the units digit of l?
9
Let z = 1726 - -3808. What is the hundreds digit of z?
5
Suppose 135*i + 14695170 = 534*i. What is the ten thousands digit of i?
3
Let g(m) = -m**3 + 5*m**2 - 5*m + 7. Let h be